 be j(5). Suppose -6*l = -13*l - 56. What is the remainder when 2 is divided by 0/a + (-7 - l)?
0
Suppose -125*a + 360 = -1390. Calculate the remainder when (-262)/(-10) + 1/(-5) is divided by a.
12
Let y(n) = 7*n**2 + 13*n + 17. Calculate the remainder when 340 is divided by y(-2).
17
Let y(i) = i**2 + 7*i - 13. Let k be y(-9). Suppose -k*f + 264 = 34. Suppose -f = -3*o - 10. What is the remainder when 33 is divided by o?
9
Let c(g) = 3*g - 1. Let r be c(-1). Let p be r/(16/(-180))*-1. Let l = 74 + p. Calculate the remainder when l is divided by 8.
5
Let d(l) = -l**3 + l**2 - 3*l - 224. Let u be d(0). What is the remainder when (-64)/u - (-164)/14 is divided by 4?
0
Let s = 1 - -89. What is the remainder when s is divided by 23?
21
Let g(y) = 8*y - 39. Let j be g(12). Let x = j - 52. What is the remainder when 19 is divided by x?
4
Let i(s) = 62*s + 21. Let p be i(7). Let b = -233 + p. Calculate the remainder when b is divided by 25.
22
Let t(l) = 3*l + 3*l**2 - 1 - 1 - 4*l + 0*l**2. Suppose -4*s - 132 = -4*y, -4*s = -2 + 10. Calculate the remainder when y is divided by t(2).
7
Let z = -32 + 10. Let h = z - -27. What is the remainder when h is divided by 5?
0
Let k = -65 - -74. What is the remainder when 30*2*(-3)/(-12) is divided by k?
6
Let l(i) = 2*i**3 - 43*i**2 + 22*i - 16. What is the remainder when 144 is divided by l(21)?
4
Let y(t) = 162*t**2 + t - 2. Calculate the remainder when y(-1) is divided by 20.
19
Suppose -2*g = 25*g - 216. Let i = -47 - -85. What is the remainder when i is divided by g?
6
Let m = -84 - -88. Suppose 0 = -m*x + 67 + 101. What is the remainder when x is divided by 3?
0
Let s(y) = 2*y**2 + 5. Let b = 55 - 51. Calculate the remainder when ((-6)/(-9))/((-1)/(-162)) is divided by s(b).
34
Let z = 25 + -26. What is the remainder when (102/(-4))/(24/(-16) - z) is divided by 13?
12
What is the remainder when (25/4)/(49/16660) is divided by 7?
4
Let f(k) = -k - 1. Let s be f(-7). Let w(y) = 2*y. Suppose -4*b = -4*q - 9*b + 43, 5*q - 4*b = 23. Calculate the remainder when w(s) is divided by q.
5
Suppose -14*j + 61 = -121. What is the remainder when 205 is divided by j?
10
Let k(i) = -i**2 + 15*i - 4. Let u be k(13). Let n = u + -20. Suppose 4*o = -n*o + 204. What is the remainder when o is divided by 20?
14
Suppose -535 = -5*v + 5*z, -5*v + 598 = 3*z + 39. Calculate the remainder when 345 is divided by v.
15
Let v be (-2 - -2) + -1 + 5 + -4. Calculate the remainder when 37 is divided by 8 + -2 + (-4 - v) - -13.
7
Let z = 224 - 196. What is the remainder when 132 is divided by z?
20
Let x be 129 + 4*(-10)/(-8). Let a = x - 120. What is the remainder when 39 is divided by a?
11
Let a(k) = -15*k**2 + 155*k + 79*k**2 - 154*k. Suppose -h - 3 + 2 = 0. Calculate the remainder when a(h) is divided by 16.
15
Suppose -31*a + 17*a = -4494. Calculate the remainder when a is divided by 151.
19
Let b(t) = 3*t**3 + 15*t**2 - 6*t - 3. Calculate the remainder when 97 is divided by b(-5).
16
Let a(r) = -r**3 + 7*r**2 - 3*r - 5. Suppose -16 = -4*l + 4, -l + 2 = -3*n. Let m be 1/((-2)/(-14)) - n. Calculate the remainder when 38 is divided by a(m).
12
Let m(q) = -q**2 + 11*q + 448. What is the remainder when m(25) is divided by 92?
6
Suppose 25*c + 19*c - 38060 = 0. Calculate the remainder when c is divided by 30.
25
Let u = -71 + 92. Calculate the remainder when 62 is divided by u.
20
Suppose 8*k - 69 = 3*k - 4*v, -3*k = 4*v - 43. Let m be 6/(-27) - 184/(-18). What is the remainder when m/(1 + 16/(-20)) is divided by k?
11
Suppose 3*g + 4*j = -648, -2*g - 3*j - 1080 = 3*g. Let v = -142 - g. What is the remainder when v is divided by 16?
10
Suppose 4*n = 4*b, 0 = -n + 2*b + b - 8. What is the remainder when 5 is divided by n?
1
Suppose -84 = 121*k - 125*k. Calculate the remainder when 58 is divided by k.
16
Let v(r) = 4*r**2 - 3*r + 9. Suppose 3*d = -0*d. Suppose b + 4*b - 80 = d. Calculate the remainder when v(4) is divided by b.
13
Suppose 4*n = 31 - 11. Suppose 3 + n = 4*j. Calculate the remainder when j/12*-2*-213 is divided by 18.
17
Let x(z) = -2*z**2 + 5*z + 1. Let p be x(3). Calculate the remainder when (5 + 33/(-5))/(p/5) is divided by 2.
0
Let q be (50/8)/((-2)/(-8)) + 3. What is the remainder when 86 is divided by -1*q*-1 - -3?
24
Let v(m) be the first derivative of -30*m**2 - 8*m + 6. Calculate the remainder when v(-3) is divided by 35.
32
Let d(q) = 23*q + 10. Calculate the remainder when 161 is divided by d(1).
29
What is the remainder when 55 is divided by 140/63 + -2 + 777/27?
26
Suppose -5*q + 637 + 3 = -4*p, 3*q - 357 = -3*p. Let w = 85 - q. Calculate the remainder when 23 is divided by w/9*-3 - 1.
11
Let u(v) = -v**3 - 2*v**2 + 3*v - 5. What is the remainder when u(-4) is divided by 4?
3
Let s = -16 + 24. Suppose h = 2 - 6. Let r(l) = -11*l - 7. What is the remainder when r(h) is divided by s?
5
Let q(j) = -j**2 - 20*j + 315. What is the remainder when 70 is divided by q(10)?
10
Let o(z) = z**2 + 20*z + 7. Calculate the remainder when 66 is divided by o(-20).
3
Suppose 66*f = 46*f + 1680. Calculate the remainder when 419 is divided by f.
83
What is the remainder when -180*4/5*(-3)/2 is divided by 17?
12
Suppose 2*f + 4*r - 277 + 87 = 0, 2*f = 5*r + 199. What is the remainder when f is divided by 25?
22
Suppose -5*f + 3*h = 4*h - 162, h - 130 = -4*f. Let m = 4 - -1. Calculate the remainder when f is divided by m.
2
Let s = 78 - 44. What is the remainder when 163 is divided by s?
27
Let c = 45 + -20. Suppose -p - 2*p - 4*j = -1, -6 = 3*j. Suppose -p*m = -37 - 2. Calculate the remainder when c is divided by m.
12
Let r(y) = 141*y + 1291. Calculate the remainder when 208 is divided by r(-9).
10
Let p(f) = -f**2 - 3*f + 10. Let g(c) = 2*c - 9. Let l(n) = -5*g(n) - 4*p(n). What is the remainder when l(-6) is divided by 28?
25
Suppose 5*k - z - 378 = 0, 38*k = 39*k + 3*z - 66. Calculate the remainder when 210 is divided by k.
60
Let w(s) = 2*s - 1 - 15 - 24*s. What is the remainder when w(-4) is divided by 15?
12
Let s = -336 - -556. Calculate the remainder when s is divided by 14.
10
Suppose -3*d - 182 = -227. Suppose -3*t + 125 = 3*v - 2*t, 3*v = 5*t + 131. What is the remainder when v is divided by d?
12
What is the remainder when 70 is divided by (25/7)/(6/42)?
20
Suppose 4*t - t + c - 65 = 0, -4*c + 120 = 5*t. Let s(q) = q**3 + 6*q**2 - 3*q - 3. Suppose k = 5*k + 20. Calculate the remainder when s(k) is divided by t.
17
Let v(n) = 25*n - 47. What is the remainder when v(11) is divided by 33?
30
Suppose 1140 = 13*s - 9*s. Suppose 5*d - s = -0*d. What is the remainder when d is divided by 12?
9
What is the remainder when 13/((-56)/(-64) + 4/32) is divided by 3?
1
Suppose 0 = -15*y + 48*y - 3927. Let t(k) = -2*k**3 - 3*k**2 - 3*k + 4. What is the remainder when y is divided by t(-3)?
39
Suppose -t = -3*t + 260. Calculate the remainder when t is divided by ((-3)/(-12))/(49/4312).
20
Let f = -32 - -39. Suppose 117 = f*k - 4*k. Calculate the remainder when k is divided by 10.
9
Let t be 28/(-6)*(5 + 13/(-2)). What is the remainder when 40/t*8 - 2/(-7) is divided by 10?
6
Let g(s) = 32*s + 6. Calculate the remainder when g(3) is divided by 21.
18
Let k(d) = 3*d - 7. Let w be k(3). Suppose 5*f = -3*p + 89, -w*p - 5*f + 22 = -39. What is the remainder when p is divided by 5?
3
Suppose 6*p - 2280 = -13*p. Calculate the remainder when p is divided by 10.
0
Let x(i) = -i**3 + 5*i**2 - 11*i + 12. Let r be x(-6). Suppose -22*g + 16*g = -r. What is the remainder when g is divided by 20?
19
Suppose -24*d = 13*d - 4181. Calculate the remainder when d is divided by 108.
5
Let d be 3/(-6) + 555/2. Suppose 335 = 6*t - d. Suppose 6*n = 5*n + 26. Calculate the remainder when t is divided by n.
24
Let i = -5230 + 2906. What is the remainder when 4*(i/(-16))/7 is divided by 21?
20
What is the remainder when (1 + (4/(-8) - -1))*34 is divided by ((-10)/(-4) + -4)*-12?
15
Let s = 7 + -20. Let i = s - -15. Suppose -5*p - 5 = 0, i*p - 62 = -4*b - 0*b. What is the remainder when 30 is divided by b?
14
Let o(u) = -u**3 - 6*u**2 - 5*u - 20. Let m be o(-6). Let s(a) = -6*a + 67. What is the remainder when 81 is divided by s(m)?
4
Let h(i) = -i**2 - 13*i + 40. Calculate the remainder when h(-12) is divided by 31.
21
Suppose 0 = -4*j - 303 - 445. Let x